Is 4237 a composite number?
True
Is 161926 a composite number?
True
Is 1801 composite?
False
Is 143873 a composite number?
False
Is 247223 composite?
False
Is 154823 prime?
True
Is 34885 a composite number?
True
Is 181894 a composite number?
True
Is 341157 composite?
True
Is 3802 a prime number?
False
Is 20249 prime?
True
Is 2627119 a composite number?
True
Is 309121 a prime number?
True
Is 319461 composite?
True
Is 245023 composite?
False
Is 203549 a prime number?
True
Is 230273 a prime number?
True
Is 1177001 a composite number?
True
Is 41653 composite?
True
Is 1815995 a composite number?
True
Is 71371 a prime number?
False
Is 889457 prime?
False
Is 290317 a composite number?
False
Is 30146 composite?
True
Is 483433 a composite number?
False
Is 721261 prime?
True
Is 170801 a composite number?
False
Is 2488081 prime?
False
Is 622141 composite?
True
Is 25661 a composite number?
True
Is 28073 composite?
True
Is 262217 composite?
False
Is 4703 prime?
True
Is 13126 a prime number?
False
Is 45455 prime?
False
Is 9533 prime?
True
Is 197939 composite?
True
Is 98297 composite?
False
Is 910939 a prime number?
True
Is 4201 composite?
False
Is 17183 composite?
False
Is 12273 composite?
True
Is 453 prime?
False
Is 7393 a prime number?
True
Is 7607 a composite number?
False
Is 20171 prime?
False
Is 124963 prime?
False
Is 21955 a composite number?
True
Is 68947 a composite number?
False
Is 26149 prime?
False
Is 14197 composite?
False
Is 128591 prime?
True
Is 1253501 composite?
True
Is 3350719 a composite number?
False
Is 811309 a prime number?
False
Is 62437 prime?
False
Is 2951 a prime number?
False
Is 3245657 a composite number?
True
Is 69467 a prime number?
True
Is 8482 composite?
True
Is 7069 a composite number?
False
Is 23843 prime?
False
Is 5053 a composite number?
True
Is 3846187 composite?
True
Is 384119 a composite number?
True
Is 142523 a composite number?
True
Is 128099 composite?
False
Is 46613 prime?
False
Is 332179 a composite number?
False
Is 31669 prime?
False
Is 15793 a composite number?
True
Is 9917 prime?
False
Is 596173 a prime number?
False
Is 1949 a composite number?
False
Is 2372857 a prime number?
True
Is 3977 prime?
False
Is 14699 a composite number?
False
Is 520979 a composite number?
True
Is 800077 a composite number?
False
Is 13811 a composite number?
True
Is 129319 prime?
False
Is 259151 prime?
True
Is 204047 a prime number?
True
Is 93809 a composite number?
False
Is 1431563 a composite number?
True
Is 2483 prime?
False
Is 8997 a prime number?
False
Is 3635 a prime number?
False
Is 3062161 prime?
True
Is 33959 a composite number?
True
Is 2063 a prime number?
True
Is 4481 a composite number?
False
Is 158113 composite?
False
Is 249061 a prime number?
False
Is 1543 composite?
False
Is 126163 a composite number?
True
Is 69413 prime?
False
Is 51031 a composite number?
False
Is 27449 a composite number?
False
Is 28667 composite?
True
Is 1516583 composite?
False
Is 11863 a prime number?
True
Is 887627 a prime number?
False
Is 34735 composite?
True
Is 79 a prime number?
True
Is 641317 composite?
False
Is 34913 a composite number?
False
Is 244939 prime?
True
Is 3497 prime?
False
Is 481531 composite?
False
Is 318841 a prime number?
True
Is 11369 composite?
False
Is 28477 a prime number?
True
Is 32749 composite?
False
Is 1655 a composite number?
True
Is 1949 prime?
True
Is 438647 a prime number?
False
Is 5016101 composite?
True
Is 10267 a prime number?
True
Is 998311 prime?
True
Is 552991 composite?
False
Is 3407 prime?
True
Is 317851 a composite number?
True
Is 8143 a composite number?
True
Is 40927 a prime number?
True
Is 7609 a prime number?
False
Is 112991 prime?
False
Is 97987 composite?
False
Is 474479 a prime number?
True
Is 96803 composite?
True
Is 7387 composite?
True
Is 5033 a composite number?
True
Is 3427274 a composite number?
True
Is 382637 a composite number?
True
Is 889333 prime?
False
Is 616045 a prime number?
False
Is 6189 a composite number?
True
Is 1201 composite?
False
Is 24691 composite?
False
Is 141823 prime?
False
Is 25969 prime?
True
Is 66377 a prime number?
True
Is 195193 a prime number?
True
Is 61521 a composite number?
True
Is 9511 a prime number?
True
Is 3643 a prime number?
True
Is 2897 a prime number?
True
Is 218653 composite?
True
Is 34415 composite?
True
Is 123373 a composite number?
False
Is 3967 a prime number?
True
Is 17873 a prime number?
False
Is 121159 prime?
False
Is 5197 a prime number?
True
Is 34421 composite?
False
Is 30023 a prime number?
False
Is 75217 a composite number?
False
Is 25733 composite?
False
Is 58001 a composite number?
True
Is 42239 prime?
True
Is 2609 composite?
False
Is 295751 a composite number?
False
Is 11239 prime?
True
Is 95461 a composite number?
False
Is 37483 prime?
True
Is 16307 prime?
False
Is 211 composite?
False
Is 12335 a prime number?
False
Is 17399 composite?
True
Is 24686 a composite number?
True
Is 37078 a composite number?
True
Is 119013 composite?
True
Is 7813 prime?
False
Is 214849 a prime number?
True
Is 2173 composite?
True
Is 11743 a composite number?
False
Is 101677 a prime number?
False
Is 55963 a prime number?
False
Is 79481 a prime number?
True
Is 69221 composite?
False
Is 190507 prime?
True
Is 42863 composite?
False
Is 441473 a composite number?
True
Is 854351 composite?
False
Is 25195 a prime number?
False
Is 501 composite?
True
Is 90469 composite?
False
Is 10639 prime?
True
Is 388211 composite?
False
Is 5021 a composite number?
False
Is 755371 a prime number?
True
Is 4344007 prime?
True
Is 5051 composite?
False
Is 4111 prime?
True
Is 51033 prime?
False
Is 2039 composite?
False
Is 9589 composite?
True
Is 68549 prime?
False
Is 472523 composite?
False
Is 15401 a prime number?
True
Is 34451 a prime number?
False
Is 38669 a composite number?
False
Is 30427 a prime number?
True
Is 30389 a prime number?
True
Is 36857 a composite number?
False
Is 17837 a prime number?
True
Is 526121 a composite number?
False
Is 610003 composite?
True
Is 338095 prime?
False
Is 24587 a prime number?
False
Is 4327 composite?
False
Is 5623 prime?
True
Is 56351 a prime number?
False
Is 107138 prime?
False
Is 10399 a prime number?
True
Is 18053 composite?
True
Is 125797 prime?
False
Is 28961 a composite number?
False
Is 12611 a composite number?
False
Is 13389 composite?
True
Is 145361 composite?
False
Is 3713 composite?
True
Is 18947 a composite number?
False
Is 71405 composite?
True
Is 237469 prime?
False
Is 556843 a composite number?
True
Is 115201 a composite number?
False
Is 74411 a composite number?
False
Is 31087 a composite number?
True
Is 66749 a prime number?
True
Is 317767 composite?
True
Is 297641 composite?
False
Is 2893 a composite number?
True
Is 42899 composite?
False
Is 62993 a composite number?
True
Is 16669 a prime number?
False
Is 1731182 a composite number?
True
Is 745495 prime?
False
Is 223709 prime?
False
Is 1210507 a prime number?
False
Is 71 composite?
False
Is 41959 a prime number?
True
Is 10895 prime?
False
Is 5042 prime?
False
Is 86393 prime?
False
Is 18181 a composite number?
False
Is 43517 prime?
True
Is 399173 a composite number?
False
Is 505541 composite?
True
Is 293 a composite number?
False
Is 1151 a prime number?
True
Is 1317 a composite number?
True
Is 474707 a prime number?
True
Is 561259 a composite number?
True
Is 2743 a composite number?
True
Is 1709 a composite number?
False
Is 477973 prime?
True
Is 141682 a prime number?
False
Is 379 composite?
False
Is 1445497 composite?
False
Is 309769 prime?
True
Is 24859 prime?
True
Is 4091 a prime number?
True
Is 14437 a composite number?
False
Is 259577 composite?
False
Is 17441 composite?
True
Is 22403 a composite number?
True
Is 1257689 prime?
True
Is 136273 a composite number?
False
Is 140113 composite?
True
Is 19379 a composite number?
False
Is 590299 a composite number?
True
Is 618119 a composite number?
False
Is 298 a composite number?
True
Is 3180229 a prime number?
False
Is 2317879 prime?
True
Is 18899 a prime number?
True
Is 1723 prime?
True
Is 182417 a prime number?
True
Is 331 a prime number?
True
Is 739 prime?
True
Is 72407 prime?
False
Is 68603 composite?
True
Is 33131 prime?
False
Is 10211 a prime number?
True
Is 2389 a composite number?
False
Is 291 a composite number?
True
Is 1116